when 1565594 is divided by 299?
30
Calculate the remainder when 6843102 is divided by 6238.
16
Calculate the remainder when 26992791 is divided by 1928051.
77
What is the remainder when 343039 is divided by 5530?
179
Calculate the remainder when 1161026 is divided by 46.
32
Calculate the remainder when 10464926 is divided by 458.
84
Calculate the remainder when 81364 is divided by 10967.
4595
What is the remainder when 8331 is divided by 629?
154
What is the remainder when 301123943 is divided by 44?
43
What is the remainder when 25906347 is divided by 15?
12
What is the remainder when 568589392 is divided by 4604?
4600
Calculate the remainder when 6855151 is divided by 21.
16
Calculate the remainder when 5821900 is divided by 2910915.
70
What is the remainder when 421625 is divided by 105112?
1177
What is the remainder when 487943 is divided by 1936?
71
Calculate the remainder when 10232752 is divided by 17673.
85
What is the remainder when 13501500 is divided by 221336?
4
Calculate the remainder when 532921 is divided by 266404.
113
Calculate the remainder when 1290363 is divided by 258015.
288
What is the remainder when 131461838 is divided by 192?
14
Calculate the remainder when 64922 is divided by 3801.
305
Calculate the remainder when 226047 is divided by 224120.
1927
What is the remainder when 187745 is divided by 1539?
1526
What is the remainder when 13902617 is divided by 227?
2
Calculate the remainder when 153815 is divided by 76900.
15
Calculate the remainder when 807752 is divided by 580.
392
Calculate the remainder when 41706381 is divided by 64.
13
What is the remainder when 862544 is divided by 2500?
44
What is the remainder when 343805 is divided by 6243?
440
Calculate the remainder when 325564018 is divided by 154.
10
Calculate the remainder when 1726720 is divided by 181.
161
What is the remainder when 590737 is divided by 118147?
2
Calculate the remainder when 463840 is divided by 1784.
0
Calculate the remainder when 5971670 is divided by 5014.
5010
What is the remainder when 140119 is divided by 8695?
999
What is the remainder when 221605170 is divided by 221605170?
0
Calculate the remainder when 197812 is divided by 21772.
1864
Calculate the remainder when 7186503 is divided by 1796586.
159
Calculate the remainder when 1045271181 is divided by 12.
9
What is the remainder when 7474186 is divided by 9732?
10
What is the remainder when 4240225 is divided by 616?
297
What is the remainder when 96724 is divided by 1568?
1076
What is the remainder when 5863107 is divided by 330?
327
Calculate the remainder when 25686 is divided by 353.
270
What is the remainder when 15102444 is divided by 8?
4
What is the remainder when 2607281 is divided by 129?
62
What is the remainder when 471656 is divided by 67379?
3
What is the remainder when 11683130 is divided by 3207?
29
Calculate the remainder when 1108317 is divided by 15.
12
What is the remainder when 1399621 is divided by 14137?
58
What is the remainder when 278762 is divided by 83?
48
Calculate the remainder when 21065 is divided by 2150.
1715
Calculate the remainder when 10046759 is divided by 12.
11
What is the remainder when 785083 is divided by 112148?
47
What is the remainder when 12495930 is divided by 1561989?
18
What is the remainder when 2258982 is divided by 2258981?
1
Calculate the remainder when 673100 is divided by 2589.
2549
What is the remainder when 133272 is divided by 64963?
3346
What is the remainder when 130009 is divided by 308?
33
Calculate the remainder when 477183975 is divided by 59.
58
Calculate the remainder when 440915 is divided by 220402.
111
What is the remainder when 173357 is divided by 314?
29
What is the remainder when 82635 is divided by 27524?
63
What is the remainder when 839918 is divided by 1263?
23
What is the remainder when 6337 is divided by 2887?
563
What is the remainder when 1378804 is divided by 720?
4
What is the remainder when 33571 is divided by 16671?
229
Calculate the remainder when 1884898 is divided by 1884890.
8
Calculate the remainder when 5501264 is divided by 101.
97
Calculate the remainder when 588485 is divided by 470.
45
Calculate the remainder when 30362207 is divided by 2577.
2570
What is the remainder when 22329 is divided by 2136?
969
Calculate the remainder when 10213228 is divided by 284.
20
Calculate the remainder when 4742665 is divided by 274.
273
What is the remainder when 4838214 is divided by 4838183?
31
What is the remainder when 1467424 is divided by 209397?
1645
Calculate the remainder when 5523555 is divided by 32.
3
What is the remainder when 10330560 is divided by 5295?
15
What is the remainder when 813644 is divided by 406701?
242
Calculate the remainder when 364023 is divided by 2104.
31
What is the remainder when 285072 is divided by 2938?
86
What is the remainder when 152906023 is divided by 22?
17
Calculate the remainder when 226079 is divided by 73706.
4961
What is the remainder when 21365473 is divided by 1297?
1289
What is the remainder when 153485 is divided by 159?
50
Calculate the remainder when 2187998 is divided by 400.
398
What is the remainder when 1571421 is divided by 314277?
36
What is the remainder when 3487069 is divided by 3486756?
313
Calculate the remainder when 1864515 is divided by 2604.
51
Calculate the remainder when 93466204 is divided by 5.
4
What is the remainder when 11261 is divided by 20?
1
What is the remainder when 2563079 is divided by 20?
19
What is the remainder when 39519090 is divided by 77?
72
Calculate the remainder when 90498934 is divided by 1196.
6
Calculate the remainder when 6393915 is divided by 3492.
63
What is the remainder when 5120542 is divided by 33?
31
What is the remainder when 30171 is divided by 5990?
221
What is the remainder when 515588973 is divided by 46?
43
What is the remainder when 4674157 is divided by 9183?
10
Calculate the remainder when 116276 is divided by 315.
41
Calculate the remainder when 80849726 is divided by 4.
2
Calculate the remainder when 8145406 is divided by 167.
148
Calculate the remainder when 768597 is divided by 76858.
17
Calculate the remainder when 1427804 is divided by 982.
958
Calculate the remainder when 172937 is divided by 5705.
1787
What is the remainder when 13053771 is divided by 1347?
1341
Calculate the remainder when 349289 is divided by 87044.
1113
What is the remainder when 38709 is divided by 334?
299
What is the remainder when 1140334 is divided by 989?
17
What is the remainder when 137669019 is divided by 819?
33
What is the remainder when 234806 is divided by 270?
176
What is the remainder when 585364 is divided by 194634?
1462
Calculate the remainder when 244690 is divided by 380.
350
Calculate the remainder when 620517 is divided by 3622.
1155
Calculate the remainder when 691498 is divided by 204.
142
Calculate the remainder when 160081 is divided by 3117.
1114
Calculate the remainder when 1390710 is divided by 489.
483
What is the remainder when 7312487 is divided by 2437482?
41
What is the remainder when 1617324 is divided by 52171?
23
Calculate the remainder when 1045398 is divided by 16.
6
What is the remainder when 59298 is divided by 14692?
530
Calculate the remainder when 4231137 is divided by 468.
417
Calculate the remainder when 198229 is divided by 4477.
1241
Calculate the remainder when 3581 is divided by 409.
309
What is the remainder when 291944 is divided by 567?
506
What is the remainder when 636393 is divided by 126899?
1898
Calculate the remainder when 17252 is divided by 8462.
328
Calculate the remainder when 276610 is divided by 2083.
1654
What is the remainder when 529729 is divided by 593?
180
What is the remainder when 213417840 is divided by 71139273?
21
Calculate the remainder when 678137 is divided by 138.
5
Calculate the remainder when 14629580 is divided by 19.
17
Calculate the remainder when 392371125 is divided by 1368.
1365
Calculate the remainder when 37960248 is divided by 1711.
2
Calculate the remainder when 328640 is divided by 2549.
2368
Calculate the remainder when 1984073 is divided by 19.
17
What is the remainder when 87887292 is divided by 19?
18
What is the remainder when 11144 is divided by 2209?
99
Calculate the remainder when 58023 is divided by 3152.
1